umber?
False
Is 1351 a prime number?
False
Is 65567 composite?
True
Is 1541 prime?
False
Is 9617 a prime number?
False
Is 92611 a composite number?
True
Is 241007 a prime number?
False
Is 3131 a composite number?
True
Is 19651 a composite number?
True
Is 88771 composite?
False
Is 6977 composite?
False
Is 232513 composite?
False
Is 650971 a composite number?
False
Is 41719 composite?
False
Is 1085101 a prime number?
True
Is 8887 a composite number?
False
Is 4547 composite?
False
Is 436187 composite?
True
Is 2927 prime?
True
Is 515573 prime?
False
Is 166999 composite?
True
Is 1499 prime?
True
Is 659183 prime?
False
Is 18899 a composite number?
False
Is 27647 a composite number?
False
Is 7279 a composite number?
True
Is 113447 prime?
False
Is 5847 composite?
True
Is 27829 prime?
False
Is 2214269 prime?
True
Is 8287 a prime number?
True
Is 23101 composite?
True
Is 28642 a composite number?
True
Is 34855 composite?
True
Is 36361 prime?
False
Is 2789 a composite number?
False
Is 31307 prime?
True
Is 259907 a composite number?
False
Is 1358009 a prime number?
True
Is 7243 composite?
False
Is 10487 prime?
True
Is 22433 a prime number?
True
Is 273979 prime?
True
Is 62353 a composite number?
True
Is 328213 composite?
False
Is 8189 composite?
True
Is 39157 composite?
False
Is 45301 a prime number?
False
Is 11213 a prime number?
True
Is 1529923 a prime number?
False
Is 92987 a prime number?
True
Is 67619 a composite number?
False
Is 54217 prime?
True
Is 2965 prime?
False
Is 739 a composite number?
False
Is 1540267 prime?
False
Is 295313 a composite number?
False
Is 17401 composite?
False
Is 532093 a prime number?
True
Is 3505 composite?
True
Is 3847 prime?
True
Is 1315 composite?
True
Is 126397 prime?
True
Is 8147 composite?
False
Is 2647 a composite number?
False
Is 893 a prime number?
False
Is 1655 prime?
False
Is 211903 a prime number?
False
Is 64189 a prime number?
True
Is 5333 a prime number?
True
Is 190477 a prime number?
False
Is 61331 prime?
True
Is 6491 a composite number?
False
Is 34457 a composite number?
False
Is 5153 composite?
False
Is 15493 a prime number?
True
Is 64151 a prime number?
True
Is 1721 composite?
False
Is 15599 a prime number?
False
Is 14269 a composite number?
True
Is 36037 prime?
True
Is 913907 a composite number?
False
Is 36451 a composite number?
False
Is 17647 a prime number?
False
Is 1083623 a prime number?
False
Is 62273 a composite number?
False
Is 17167 composite?
False
Is 9089 prime?
False
Is 29551 a composite number?
True
Is 35771 a composite number?
False
Is 82883 a composite number?
False
Is 149801 prime?
False
Is 856507 a composite number?
False
Is 69374 composite?
True
Is 395 composite?
True
Is 104651 a prime number?
True
Is 571567 prime?
False
Is 29933 composite?
True
Is 49087 a prime number?
False
Is 1532917 a composite number?
False
Is 31907 a prime number?
True
Is 16253 composite?
False
Is 1559 a composite number?
False
Is 12451 composite?
False
Is 102853 composite?
True
Is 148271 prime?
False
Is 1036043 a prime number?
False
Is 55577 a composite number?
True
Is 114143 prime?
True
Is 10331 a composite number?
False
Is 14243 prime?
True
Is 89479 prime?
False
Is 1081173 prime?
False
Is 177 a prime number?
False
Is 6483 prime?
False
Is 42709 a prime number?
True
Is 59531 composite?
True
Is 397979 a composite number?
True
Is 69074 prime?
False
Is 6931 prime?
False
Is 272791 composite?
True
Is 1784582 a prime number?
False
Is 122 a prime number?
False
Is 301859 a composite number?
True
Is 470831 a prime number?
True
Is 123337 a prime number?
False
Is 3203 a composite number?
False
Is 20037 composite?
True
Is 1109 prime?
True
Is 108613 a prime number?
False
Is 41843 prime?
True
Is 93911 composite?
False
Is 140183 a composite number?
True
Is 35753 a prime number?
True
Is 14197 a composite number?
False
Is 3979 prime?
False
Is 107197 prime?
True
Is 313879 prime?
True
Is 254389 prime?
True
Is 168761 a composite number?
False
Is 4561 composite?
False
Is 61781 a prime number?
True
Is 18185 composite?
True
Is 28533 a composite number?
True
Is 2393135 a composite number?
True
Is 210347 a composite number?
False
Is 71465 prime?
False
Is 16769 composite?
True
Is 24403 prime?
False
Is 18079 composite?
True
Is 323321 a prime number?
False
Is 245821 composite?
False
Is 1127741 prime?
True
Is 23183 composite?
True
Is 310085 a prime number?
False
Is 188506 composite?
True
Is 47903 a composite number?
False
Is 5827895 prime?
False
Is 679 a prime number?
False
Is 28961 prime?
True
Is 22739 a prime number?
True
Is 2123301 prime?
False
Is 51967 a composite number?
True
Is 7621 a prime number?
True
Is 167521 a composite number?
False
Is 705881 a prime number?
False
Is 641051 prime?
True
Is 12899 prime?
True
Is 325477 composite?
False
Is 540139 composite?
False
Is 536051 a prime number?
True
Is 150409 composite?
True
Is 445741 prime?
True
Is 739 composite?
False
Is 149639 a composite number?
True
Is 4448671 a prime number?
True
Is 12499 a prime number?
False
Is 664889 composite?
True
Is 261293 a composite number?
True
Is 20633 prime?
False
Is 1053449 a prime number?
True
Is 58663 a composite number?
True
Is 16384613 composite?
True
Is 47361 a composite number?
True
Is 1925039 a composite number?
False
Is 127399 composite?
False
Is 337261 composite?
False
Is 13811 prime?
False
Is 6421 a prime number?
True
Is 1934 prime?
False
Is 17211 prime?
False
Is 386297 composite?
False
Is 1610887 composite?
False
Is 103457 a prime number?
True
Is 87473 a prime number?
True
Is 283631 a composite number?
False
Is 49483 composite?
True
Is 685907 composite?
False
Is 11335 composite?
True
Is 8353 composite?
False
Is 449677 composite?
False
Is 2761997 a composite number?
True
Is 88993 a prime number?
True
Is 214829 a prime number?
False
Is 178274 a prime number?
False
Is 10477 a composite number?
False
Is 4441 prime?
True
Is 2999 composite?
False
Is 75687 prime?
False
Is 6563 a prime number?
True
Is 4049 a prime number?
True
Is 421607 a composite number?
False
Is 498089 prime?
True
Is 389183 a composite number?
True
Is 36823 a prime number?
False
Is 538357 prime?
True
Is 59333 composite?
False
Is 115963 composite?
False
Is 13537 a composite number?
False
Is 10061 composite?
False
Is 1069 composite?
False
Is 71089 composite?
False
Is 510319 prime?
True
Is 61331 composite?
False
Is 9637 a composite number?
True
Is 126811 a composite number?
True
Is 239803 prime?
True
Is 483983 composite?
True
Is 37403 a composite number?
True
Is 1264693 composite?
True
Is 1777 composite?
False
Is 823841 composite?
False
Is 7061 composite?
True
Is 615161 a prime number?
True
Is 66589 composite?
True
Is 30829 a prime number?
True
Is 149353 a composite number?
True
Is 102347 composite?
True
Is 71503 prime?
True
Is 6619 composite?
False
Is 1151 prime?
True
Is 691361 a prime number?
False
Is 89687 a prime number?
False
Is 11677 a prime number?
True
Is 9643 prime?
True
Is 5779 a prime number?
True
Is 9347 a composite number?
True
Is 982 a composite number?
True
Is 3097727 a composite number?
False
Is 302273 composite?
False
Is 4633 a prime number?
False
Is 911 a prime number?
True
Is 114549 a prime number?
False
Is 24142 a composite number?
True
Is 40471 prime?
True
Is 5449 composite?
False
Is 628077 a prime number?
False
Is 1513133 a composite number?
True
Is 1156073 composite?
False
Is 735979 prime?
True
Is 989 prime?
False
Is 24317 composite?
False
Is 110919 a composite number?
True
Is 15027 a prime number?
False
Is 806101 composite?
True
Is 577061 a prime number?
False
Is 1522 a composite number?
True
Is 8587 composite?
True
Is 35611 composite?
True
Is 2039 a composite number?
False
Is 297659 prime?
True
Is 254141 prime?
True
Is 13093 a composite number?
False
Is 36241 a composite number?
False
Is 251581 prime?
False
Is 1214609 composite?
True
Is 10007 prime?
True
Is 13751 a composite number?
False
Is 23017 prime?
True
Is 4271 prime?
True
Is 630715 a prime number?
False
Is 1519097 a prime number?
True
Is 5113 a composite number?
False
Is 3967 prime?
True
Is 17153 a prime number?
False
Is 191161 prime?
True
Is 9967 composite?
False
Is 82279 a prime number?
True
Is 29717 prime?
True
Is 55723 prime?
False
Is 14954 a composite number?
True
Is 14843 a composite number?
Fals